{"id":13,"date":"2022-03-25T11:04:49","date_gmt":"2022-03-25T10:04:49","guid":{"rendered":"http:\/\/ecs5-wp-bonbonbon.martinvillanove.com\/ecs5-wp-bonbonbon\/?page_id=13"},"modified":"2022-06-28T10:23:30","modified_gmt":"2022-06-28T08:23:30","slug":"qui-sommes-nous","status":"publish","type":"page","link":"https:\/\/ecs5-wp-bonbonbon.martinvillanove.com\/ecs5-wp-bonbonbon\/qui-sommes-nous\/","title":{"rendered":"Qui sommes-nous ?"},"content":{"rendered":"\n<div class=\"wp-block-cover alignfull\" style=\"min-height:466px;aspect-ratio:unset;\"><span aria-hidden=\"true\" class=\"wp-block-cover__background has-background-dim\"><\/span><img loading=\"lazy\" decoding=\"async\" width=\"930\" height=\"620\" class=\"wp-block-cover__image-background wp-image-17\" alt=\"Int\u00e9rieur de la boutique\" src=\"http:\/\/ecs5-wp-bonbonbon.martinvillanove.com\/ecs5-wp-bonbonbon\/wp-content\/uploads\/2022\/03\/Bonbon-boutique.jpg\" data-object-fit=\"cover\" srcset=\"https:\/\/ecs5-wp-bonbonbon.martinvillanove.com\/ecs5-wp-bonbonbon\/wp-content\/uploads\/2022\/03\/Bonbon-boutique.jpg 930w, https:\/\/ecs5-wp-bonbonbon.martinvillanove.com\/ecs5-wp-bonbonbon\/wp-content\/uploads\/2022\/03\/Bonbon-boutique-300x200.jpg 300w, https:\/\/ecs5-wp-bonbonbon.martinvillanove.com\/ecs5-wp-bonbonbon\/wp-content\/uploads\/2022\/03\/Bonbon-boutique-768x512.jpg 768w, https:\/\/ecs5-wp-bonbonbon.martinvillanove.com\/ecs5-wp-bonbonbon\/wp-content\/uploads\/2022\/03\/Bonbon-boutique-90x60.jpg 90w, https:\/\/ecs5-wp-bonbonbon.martinvillanove.com\/ecs5-wp-bonbonbon\/wp-content\/uploads\/2022\/03\/Bonbon-boutique-420x280.jpg 420w\" sizes=\"auto, (max-width: 930px) 100vw, 930px\" \/><div class=\"wp-block-cover__inner-container is-layout-flow wp-block-cover-is-layout-flow\">\n<p class=\"has-text-align-center titreQui\" style=\"font-size:65px\"><strong>DES BONBONS 100% \u00c9CO-RESPONSABLES<\/strong><\/p>\n<\/div><\/div>\n\n\n\n<div style=\"height:50px\" aria-hidden=\"true\" class=\"wp-block-spacer\"><\/div>\n\n\n\n<h3 class=\"has-text-align-center has-text-color wp-block-heading\" style=\"color:#226a61\">DES BONBONS 100% CHARENTAIS<\/h3>\n\n\n<p>Nos bonbons sont con\u00e7us dans notre confiseur \u00e0 Saint-Michel (Angoul\u00eame) et s&rsquo;engagent pleinement dans une d\u00e9marche d&rsquo;\u00e9conomie sociale et solidaire.<\/p>\n<div>\n<p>Parce que nous tenons \u00e0 vous offrir la meilleure exp\u00e9rience, nos confiseries sont fabriqu\u00e9s \u00e0 partir de produits issus de l\u2019agriculture biologique. Certains apportent m\u00eame des sucres lents, ce qu\u2019on ne trouve pas dans les bonbons traditionnels qui n\u2019apportent que des sucres rapides.<\/p>\n<p>Ces bonbons ne contiennent pas d\u2019additifs, de colorants ou autres ingr\u00e9dients de synth\u00e8se. Certains bonbons bios peuvent avoir un r\u00e9el int\u00e9r\u00eat di\u00e9t\u00e9tique et th\u00e9rapeutique notamment ceux compos\u00e9s de miel et de sucre lent.<\/p>\n<\/div>\n\n\n<div class=\"wp-block-buttons is-content-justification-center is-layout-flex wp-container-core-buttons-is-layout-16018d1d wp-block-buttons-is-layout-flex\">\n<div class=\"wp-block-button has-custom-font-size is-style-outline has-medium-font-size is-style-outline--1\"><a class=\"wp-block-button__link has-white-color has-text-color has-background\" href=\"http:\/\/sdw5-ps-bonbonbon.martinvillanove.com\/\" style=\"border-radius:100px;background-color:#226a61\" rel=\"\">D\u00e9couvrir nos bonbons<\/a><\/div>\n<\/div>\n\n\n\n<div style=\"height:50px\" aria-hidden=\"true\" class=\"wp-block-spacer\"><\/div>\n\n\n\n<div class=\"wp-block-columns is-layout-flex wp-container-core-columns-is-layout-9d6595d7 wp-block-columns-is-layout-flex\">\n<div class=\"wp-block-column is-layout-flow wp-block-column-is-layout-flow\" style=\"flex-basis:100%\">\n<div class=\"wp-block-columns is-layout-flex wp-container-core-columns-is-layout-9d6595d7 wp-block-columns-is-layout-flex\">\n<div class=\"wp-block-column is-layout-flow wp-block-column-is-layout-flow\">\n<figure class=\"wp-block-gallery has-nested-images columns-default is-cropped wp-block-gallery-2 is-layout-flex wp-block-gallery-is-layout-flex\">\n<figure class=\"wp-block-image size-full imageRadius\"><img loading=\"lazy\" decoding=\"async\" width=\"1024\" height=\"1024\" data-id=\"213\" src=\"http:\/\/ecs5-wp-bonbonbon.martinvillanove.com\/ecs5-wp-bonbonbon\/wp-content\/uploads\/2022\/06\/Bonbon-mec-image-1-1024x1024.png\" alt=\"Benjamin, confiseur les bonbonbons\" class=\"wp-image-213\" srcset=\"https:\/\/ecs5-wp-bonbonbon.martinvillanove.com\/ecs5-wp-bonbonbon\/wp-content\/uploads\/2022\/06\/Bonbon-mec-image-1-1024x1024.png 1024w, https:\/\/ecs5-wp-bonbonbon.martinvillanove.com\/ecs5-wp-bonbonbon\/wp-content\/uploads\/2022\/06\/Bonbon-mec-image-1-300x300.png 300w, https:\/\/ecs5-wp-bonbonbon.martinvillanove.com\/ecs5-wp-bonbonbon\/wp-content\/uploads\/2022\/06\/Bonbon-mec-image-1-150x150.png 150w, https:\/\/ecs5-wp-bonbonbon.martinvillanove.com\/ecs5-wp-bonbonbon\/wp-content\/uploads\/2022\/06\/Bonbon-mec-image-1-768x768.png 768w, https:\/\/ecs5-wp-bonbonbon.martinvillanove.com\/ecs5-wp-bonbonbon\/wp-content\/uploads\/2022\/06\/Bonbon-mec-image-1-60x60.png 60w, https:\/\/ecs5-wp-bonbonbon.martinvillanove.com\/ecs5-wp-bonbonbon\/wp-content\/uploads\/2022\/06\/Bonbon-mec-image-1-24x24.png 24w, https:\/\/ecs5-wp-bonbonbon.martinvillanove.com\/ecs5-wp-bonbonbon\/wp-content\/uploads\/2022\/06\/Bonbon-mec-image-1-36x36.png 36w, https:\/\/ecs5-wp-bonbonbon.martinvillanove.com\/ecs5-wp-bonbonbon\/wp-content\/uploads\/2022\/06\/Bonbon-mec-image-1-48x48.png 48w, https:\/\/ecs5-wp-bonbonbon.martinvillanove.com\/ecs5-wp-bonbonbon\/wp-content\/uploads\/2022\/06\/Bonbon-mec-image-1.png 1080w\" sizes=\"auto, (max-width: 1024px) 100vw, 1024px\" \/><figcaption>Phase de cuisson des bonbons<\/figcaption><\/figure>\n<\/figure>\n<\/div>\n\n\n\n<div class=\"wp-block-column is-layout-flow wp-block-column-is-layout-flow\">\n<figure class=\"wp-block-gallery has-nested-images columns-default is-cropped wp-block-gallery-3 is-layout-flex wp-block-gallery-is-layout-flex\">\n<figure class=\"wp-block-image size-full imageRadius\"><img loading=\"lazy\" decoding=\"async\" width=\"1024\" height=\"1024\" data-id=\"214\" src=\"http:\/\/ecs5-wp-bonbonbon.martinvillanove.com\/ecs5-wp-bonbonbon\/wp-content\/uploads\/2022\/06\/bonbon-image-2-femme-1024x1024.png\" alt=\"Marguerite, confiseur les bonbonbons\" class=\"wp-image-214\" srcset=\"https:\/\/ecs5-wp-bonbonbon.martinvillanove.com\/ecs5-wp-bonbonbon\/wp-content\/uploads\/2022\/06\/bonbon-image-2-femme-1024x1024.png 1024w, https:\/\/ecs5-wp-bonbonbon.martinvillanove.com\/ecs5-wp-bonbonbon\/wp-content\/uploads\/2022\/06\/bonbon-image-2-femme-300x300.png 300w, https:\/\/ecs5-wp-bonbonbon.martinvillanove.com\/ecs5-wp-bonbonbon\/wp-content\/uploads\/2022\/06\/bonbon-image-2-femme-150x150.png 150w, https:\/\/ecs5-wp-bonbonbon.martinvillanove.com\/ecs5-wp-bonbonbon\/wp-content\/uploads\/2022\/06\/bonbon-image-2-femme-768x768.png 768w, https:\/\/ecs5-wp-bonbonbon.martinvillanove.com\/ecs5-wp-bonbonbon\/wp-content\/uploads\/2022\/06\/bonbon-image-2-femme-60x60.png 60w, https:\/\/ecs5-wp-bonbonbon.martinvillanove.com\/ecs5-wp-bonbonbon\/wp-content\/uploads\/2022\/06\/bonbon-image-2-femme-24x24.png 24w, https:\/\/ecs5-wp-bonbonbon.martinvillanove.com\/ecs5-wp-bonbonbon\/wp-content\/uploads\/2022\/06\/bonbon-image-2-femme-36x36.png 36w, https:\/\/ecs5-wp-bonbonbon.martinvillanove.com\/ecs5-wp-bonbonbon\/wp-content\/uploads\/2022\/06\/bonbon-image-2-femme-48x48.png 48w, https:\/\/ecs5-wp-bonbonbon.martinvillanove.com\/ecs5-wp-bonbonbon\/wp-content\/uploads\/2022\/06\/bonbon-image-2-femme.png 1080w\" sizes=\"auto, (max-width: 1024px) 100vw, 1024px\" \/><figcaption>D\u00e9coupe des bonbons<\/figcaption><\/figure>\n<\/figure>\n<\/div>\n<\/div>\n<\/div>\n<\/div>\n\n\n\n<iframe class=\"alignfull\" id=\"plopi\" margin-bottom=\"-70\" src=\"https:\/\/www.google.com\/maps\/embed?pb=!1m18!1m12!1m3!1d2788.602346830264!2d0.1594527155639802!3d45.658806879103714!2m3!1f0!2f0!3f0!3m2!1i1024!2i768!4f13.1!3m3!1m2!1s0x47fe320d666c2539%3A0xc11f62ff11198e1a!2s2%20Rue%20Vigier%20de%20la%20Pile%2C%2016000%20Angoul%C3%AAme!5e0!3m2!1sfr!2sfr!4v1648754949670!5m2!1sfr!2sfr\" width=\"100%\" height=\"500\" style=\"border:0;\" allowfullscreen=\"\" loading=\"lazy\" referrerpolicy=\"no-referrer-when-downgrade\"><\/iframe>\n","protected":false},"excerpt":{"rendered":"<p>DES BONBONS 100% CHARENTAIS Nos bonbons sont con\u00e7us dans notre confiseur \u00e0 Saint-Michel (Angoul\u00eame) et s&rsquo;engagent pleinement dans une d\u00e9marche d&rsquo;\u00e9conomie sociale et solidaire. Parce &hellip; <\/p>\n","protected":false},"author":4,"featured_media":0,"parent":0,"menu_order":0,"comment_status":"closed","ping_status":"closed","template":"","meta":{"footnotes":""},"class_list":["post-13","page","type-page","status-publish","hentry","latest_post"],"yoast_head":"<!-- This site is optimized with the Yoast SEO plugin v19.1 - https:\/\/yoast.com\/wordpress\/plugins\/seo\/ -->\n<title>Qui sommes-nous ? - Les Bonbonbons<\/title>\n<meta name=\"description\" content=\"Pr\u00e9sentation de la marque &quot;Les bonbonbons&quot;, une confiserie 100% charentaise et engag\u00e9 dans une d\u00e9marche d&#039;\u00e9conomie sociale et solidaire.\" \/>\n<meta name=\"robots\" content=\"noindex, follow, max-snippet:-1, max-image-preview:large, max-video-preview:-1\" \/>\n<meta property=\"og:locale\" content=\"fr_FR\" \/>\n<meta property=\"og:type\" content=\"article\" \/>\n<meta property=\"og:title\" content=\"Qui sommes-nous ? - Les Bonbonbons\" \/>\n<meta property=\"og:description\" content=\"Pr\u00e9sentation de la marque &quot;Les bonbonbons&quot;, une confiserie 100% charentaise et engag\u00e9 dans une d\u00e9marche d&#039;\u00e9conomie sociale et solidaire.\" \/>\n<meta property=\"og:url\" content=\"https:\/\/ecs5-wp-bonbonbon.martinvillanove.com\/ecs5-wp-bonbonbon\/qui-sommes-nous\/\" \/>\n<meta property=\"og:site_name\" content=\"Les Bonbonbons\" \/>\n<meta property=\"article:publisher\" content=\"https:\/\/www.facebook.com\/bonbonbonsciney\/\" \/>\n<meta property=\"article:modified_time\" content=\"2022-06-28T08:23:30+00:00\" \/>\n<meta property=\"og:image\" content=\"http:\/\/ecs5-wp-bonbonbon.martinvillanove.com\/ecs5-wp-bonbonbon\/wp-content\/uploads\/2022\/03\/Bonbon-boutique.jpg\" \/>\n<meta name=\"twitter:card\" content=\"summary_large_image\" \/>\n<meta name=\"twitter:label1\" content=\"Dur\u00e9e de lecture estim\u00e9e\" \/>\n\t<meta name=\"twitter:data1\" content=\"2 minutes\" \/>\n<script type=\"application\/ld+json\" class=\"yoast-schema-graph\">{\"@context\":\"https:\/\/schema.org\",\"@graph\":[{\"@type\":\"WebSite\",\"@id\":\"https:\/\/ecs5-wp-bonbonbon.martinvillanove.com\/ecs5-wp-bonbonbon\/#website\",\"url\":\"https:\/\/ecs5-wp-bonbonbon.martinvillanove.com\/ecs5-wp-bonbonbon\/\",\"name\":\"Les Bonbonbons\",\"description\":\"Des bonbons 100% \u00e9co-responsable\",\"potentialAction\":[{\"@type\":\"SearchAction\",\"target\":{\"@type\":\"EntryPoint\",\"urlTemplate\":\"https:\/\/ecs5-wp-bonbonbon.martinvillanove.com\/ecs5-wp-bonbonbon\/?s={search_term_string}\"},\"query-input\":\"required name=search_term_string\"}],\"inLanguage\":\"fr-FR\"},{\"@type\":\"ImageObject\",\"inLanguage\":\"fr-FR\",\"@id\":\"https:\/\/ecs5-wp-bonbonbon.martinvillanove.com\/ecs5-wp-bonbonbon\/qui-sommes-nous\/#primaryimage\",\"url\":\"https:\/\/ecs5-wp-bonbonbon.martinvillanove.com\/ecs5-wp-bonbonbon\/wp-content\/uploads\/2022\/03\/Bonbon-boutique.jpg\",\"contentUrl\":\"https:\/\/ecs5-wp-bonbonbon.martinvillanove.com\/ecs5-wp-bonbonbon\/wp-content\/uploads\/2022\/03\/Bonbon-boutique.jpg\",\"width\":930,\"height\":620,\"caption\":\"Int\u00e9rieur de la boutique\"},{\"@type\":\"WebPage\",\"@id\":\"https:\/\/ecs5-wp-bonbonbon.martinvillanove.com\/ecs5-wp-bonbonbon\/qui-sommes-nous\/#webpage\",\"url\":\"https:\/\/ecs5-wp-bonbonbon.martinvillanove.com\/ecs5-wp-bonbonbon\/qui-sommes-nous\/\",\"name\":\"Qui sommes-nous ? - Les Bonbonbons\",\"isPartOf\":{\"@id\":\"https:\/\/ecs5-wp-bonbonbon.martinvillanove.com\/ecs5-wp-bonbonbon\/#website\"},\"primaryImageOfPage\":{\"@id\":\"https:\/\/ecs5-wp-bonbonbon.martinvillanove.com\/ecs5-wp-bonbonbon\/qui-sommes-nous\/#primaryimage\"},\"datePublished\":\"2022-03-25T10:04:49+00:00\",\"dateModified\":\"2022-06-28T08:23:30+00:00\",\"description\":\"Pr\u00e9sentation de la marque \\\"Les bonbonbons\\\", une confiserie 100% charentaise et engag\u00e9 dans une d\u00e9marche d'\u00e9conomie sociale et solidaire.\",\"breadcrumb\":{\"@id\":\"https:\/\/ecs5-wp-bonbonbon.martinvillanove.com\/ecs5-wp-bonbonbon\/qui-sommes-nous\/#breadcrumb\"},\"inLanguage\":\"fr-FR\",\"potentialAction\":[{\"@type\":\"ReadAction\",\"target\":[\"https:\/\/ecs5-wp-bonbonbon.martinvillanove.com\/ecs5-wp-bonbonbon\/qui-sommes-nous\/\"]}]},{\"@type\":\"BreadcrumbList\",\"@id\":\"https:\/\/ecs5-wp-bonbonbon.martinvillanove.com\/ecs5-wp-bonbonbon\/qui-sommes-nous\/#breadcrumb\",\"itemListElement\":[{\"@type\":\"ListItem\",\"position\":1,\"name\":\"Accueil\",\"item\":\"https:\/\/ecs5-wp-bonbonbon.martinvillanove.com\/ecs5-wp-bonbonbon\/\"},{\"@type\":\"ListItem\",\"position\":2,\"name\":\"Qui sommes-nous ?\"}]}]}<\/script>\n<!-- \/ Yoast SEO plugin. -->","yoast_head_json":{"title":"Qui sommes-nous ? - Les Bonbonbons","description":"Pr\u00e9sentation de la marque \"Les bonbonbons\", une confiserie 100% charentaise et engag\u00e9 dans une d\u00e9marche d'\u00e9conomie sociale et solidaire.","robots":{"index":"noindex","follow":"follow","max-snippet":"max-snippet:-1","max-image-preview":"max-image-preview:large","max-video-preview":"max-video-preview:-1"},"og_locale":"fr_FR","og_type":"article","og_title":"Qui sommes-nous ? - Les Bonbonbons","og_description":"Pr\u00e9sentation de la marque \"Les bonbonbons\", une confiserie 100% charentaise et engag\u00e9 dans une d\u00e9marche d'\u00e9conomie sociale et solidaire.","og_url":"https:\/\/ecs5-wp-bonbonbon.martinvillanove.com\/ecs5-wp-bonbonbon\/qui-sommes-nous\/","og_site_name":"Les Bonbonbons","article_publisher":"https:\/\/www.facebook.com\/bonbonbonsciney\/","article_modified_time":"2022-06-28T08:23:30+00:00","og_image":[{"url":"http:\/\/ecs5-wp-bonbonbon.martinvillanove.com\/ecs5-wp-bonbonbon\/wp-content\/uploads\/2022\/03\/Bonbon-boutique.jpg"}],"twitter_card":"summary_large_image","twitter_misc":{"Dur\u00e9e de lecture estim\u00e9e":"2 minutes"},"schema":{"@context":"https:\/\/schema.org","@graph":[{"@type":"WebSite","@id":"https:\/\/ecs5-wp-bonbonbon.martinvillanove.com\/ecs5-wp-bonbonbon\/#website","url":"https:\/\/ecs5-wp-bonbonbon.martinvillanove.com\/ecs5-wp-bonbonbon\/","name":"Les Bonbonbons","description":"Des bonbons 100% \u00e9co-responsable","potentialAction":[{"@type":"SearchAction","target":{"@type":"EntryPoint","urlTemplate":"https:\/\/ecs5-wp-bonbonbon.martinvillanove.com\/ecs5-wp-bonbonbon\/?s={search_term_string}"},"query-input":"required name=search_term_string"}],"inLanguage":"fr-FR"},{"@type":"ImageObject","inLanguage":"fr-FR","@id":"https:\/\/ecs5-wp-bonbonbon.martinvillanove.com\/ecs5-wp-bonbonbon\/qui-sommes-nous\/#primaryimage","url":"https:\/\/ecs5-wp-bonbonbon.martinvillanove.com\/ecs5-wp-bonbonbon\/wp-content\/uploads\/2022\/03\/Bonbon-boutique.jpg","contentUrl":"https:\/\/ecs5-wp-bonbonbon.martinvillanove.com\/ecs5-wp-bonbonbon\/wp-content\/uploads\/2022\/03\/Bonbon-boutique.jpg","width":930,"height":620,"caption":"Int\u00e9rieur de la boutique"},{"@type":"WebPage","@id":"https:\/\/ecs5-wp-bonbonbon.martinvillanove.com\/ecs5-wp-bonbonbon\/qui-sommes-nous\/#webpage","url":"https:\/\/ecs5-wp-bonbonbon.martinvillanove.com\/ecs5-wp-bonbonbon\/qui-sommes-nous\/","name":"Qui sommes-nous ? - Les Bonbonbons","isPartOf":{"@id":"https:\/\/ecs5-wp-bonbonbon.martinvillanove.com\/ecs5-wp-bonbonbon\/#website"},"primaryImageOfPage":{"@id":"https:\/\/ecs5-wp-bonbonbon.martinvillanove.com\/ecs5-wp-bonbonbon\/qui-sommes-nous\/#primaryimage"},"datePublished":"2022-03-25T10:04:49+00:00","dateModified":"2022-06-28T08:23:30+00:00","description":"Pr\u00e9sentation de la marque \"Les bonbonbons\", une confiserie 100% charentaise et engag\u00e9 dans une d\u00e9marche d'\u00e9conomie sociale et solidaire.","breadcrumb":{"@id":"https:\/\/ecs5-wp-bonbonbon.martinvillanove.com\/ecs5-wp-bonbonbon\/qui-sommes-nous\/#breadcrumb"},"inLanguage":"fr-FR","potentialAction":[{"@type":"ReadAction","target":["https:\/\/ecs5-wp-bonbonbon.martinvillanove.com\/ecs5-wp-bonbonbon\/qui-sommes-nous\/"]}]},{"@type":"BreadcrumbList","@id":"https:\/\/ecs5-wp-bonbonbon.martinvillanove.com\/ecs5-wp-bonbonbon\/qui-sommes-nous\/#breadcrumb","itemListElement":[{"@type":"ListItem","position":1,"name":"Accueil","item":"https:\/\/ecs5-wp-bonbonbon.martinvillanove.com\/ecs5-wp-bonbonbon\/"},{"@type":"ListItem","position":2,"name":"Qui sommes-nous ?"}]}]}},"_links":{"self":[{"href":"https:\/\/ecs5-wp-bonbonbon.martinvillanove.com\/ecs5-wp-bonbonbon\/wp-json\/wp\/v2\/pages\/13","targetHints":{"allow":["GET"]}}],"collection":[{"href":"https:\/\/ecs5-wp-bonbonbon.martinvillanove.com\/ecs5-wp-bonbonbon\/wp-json\/wp\/v2\/pages"}],"about":[{"href":"https:\/\/ecs5-wp-bonbonbon.martinvillanove.com\/ecs5-wp-bonbonbon\/wp-json\/wp\/v2\/types\/page"}],"author":[{"embeddable":true,"href":"https:\/\/ecs5-wp-bonbonbon.martinvillanove.com\/ecs5-wp-bonbonbon\/wp-json\/wp\/v2\/users\/4"}],"replies":[{"embeddable":true,"href":"https:\/\/ecs5-wp-bonbonbon.martinvillanove.com\/ecs5-wp-bonbonbon\/wp-json\/wp\/v2\/comments?post=13"}],"version-history":[{"count":51,"href":"https:\/\/ecs5-wp-bonbonbon.martinvillanove.com\/ecs5-wp-bonbonbon\/wp-json\/wp\/v2\/pages\/13\/revisions"}],"predecessor-version":[{"id":677,"href":"https:\/\/ecs5-wp-bonbonbon.martinvillanove.com\/ecs5-wp-bonbonbon\/wp-json\/wp\/v2\/pages\/13\/revisions\/677"}],"wp:attachment":[{"href":"https:\/\/ecs5-wp-bonbonbon.martinvillanove.com\/ecs5-wp-bonbonbon\/wp-json\/wp\/v2\/media?parent=13"}],"curies":[{"name":"wp","href":"https:\/\/api.w.org\/{rel}","templated":true}]}}